.
50
What is the highest common divisor of 3520 and 32?
32
Calculate the highest common factor of 48 and 258.
6
Calculate the highest common divisor of 360 and 11640.
120
Calculate the greatest common divisor of 9 and 1413.
9
Calculate the highest common divisor of 33 and 99.
33
What is the greatest common divisor of 16338 and 84?
42
Calculate the greatest common factor of 104 and 156.
52
Calculate the highest common factor of 537 and 3.
3
What is the highest common divisor of 89 and 178?
89
Calculate the highest common factor of 35 and 49.
7
What is the greatest common divisor of 493 and 319?
29
What is the greatest common factor of 96 and 1248?
96
Calculate the greatest common divisor of 24 and 84.
12
What is the highest common divisor of 66 and 825?
33
Calculate the highest common factor of 52 and 4446.
26
What is the highest common divisor of 50 and 400?
50
Calculate the highest common factor of 18 and 12.
6
What is the greatest common divisor of 8823 and 51?
51
What is the highest common factor of 202 and 16362?
202
What is the greatest common divisor of 64 and 224?
32
What is the highest common factor of 7935 and 30?
15
What is the greatest common divisor of 540 and 4500?
180
Calculate the highest common divisor of 342 and 2034.
18
Calculate the highest common divisor of 36 and 54.
18
What is the greatest common divisor of 13632 and 960?
192
Calculate the highest common factor of 176 and 2992.
176
Calculate the greatest common divisor of 75 and 12500.
25
What is the highest common divisor of 15191 and 11?
11
Calculate the greatest common divisor of 2 and 416.
2
What is the highest common factor of 17216 and 807?
269
What is the highest common factor of 114 and 2679?
57
What is the highest common factor of 105 and 469?
7
What is the greatest common factor of 2356 and 186?
62
Calculate the greatest common factor of 7035 and 35.
35
What is the greatest common factor of 30 and 590?
10
What is the greatest common divisor of 5208 and 42?
42
Calculate the highest common divisor of 53 and 17861.
53
Calculate the greatest common divisor of 32 and 6.
2
What is the greatest common factor of 4925 and 1773?
197
Calculate the highest common factor of 260 and 364.
52
What is the highest common divisor of 17 and 2159?
17
Calculate the greatest common factor of 3 and 1461.
3
What is the greatest common factor of 2 and 5?
1
Calculate the greatest common factor of 2052 and 108.
108
What is the greatest common factor of 29 and 348?
29
What is the highest common divisor of 8490 and 120?
30
What is the greatest common factor of 187 and 77?
11
Calculate the greatest common divisor of 12069 and 298.
149
Calculate the highest common factor of 703 and 37.
37
Calculate the greatest common factor of 95 and 760.
95
Calculate the highest common factor of 220 and 6985.
55
What is the greatest common divisor of 44 and 16?
4
What is the highest common divisor of 656 and 2?
2
What is the greatest common factor of 262 and 2?
2
Calculate the greatest common divisor of 10 and 235.
5
What is the highest common factor of 451 and 41?
41
What is the highest common factor of 17 and 3077?
17
What is the highest common divisor of 2450 and 50?
50
Calculate the highest common factor of 4 and 226.
2
What is the greatest common divisor of 157 and 2512?
157
Calculate the highest common divisor of 31 and 2542.
31
Calculate the highest common factor of 882 and 56.
14
What is the highest common divisor of 2759 and 31?
31
What is the highest common divisor of 770 and 210?
70
Calculate the highest common factor of 2 and 241.
1
What is the greatest common divisor of 214 and 15087?
107
What is the highest common divisor of 265 and 1007?
53
Calculate the greatest common factor of 90 and 435.
15
Calculate the greatest common factor of 510 and 120.
30
What is the greatest common divisor of 75 and 1245?
15
What is the greatest common factor of 1 and 43?
1
What is the greatest common divisor of 392 and 88?
8
Calculate the highest common divisor of 10417 and 44.
11
What is the highest common factor of 7635 and 15?
15
What is the greatest common divisor of 121 and 132?
11
What is the highest common factor of 342 and 399?
57
Calculate the greatest common divisor of 170 and 102.
34
What is the highest common factor of 4 and 34?
2
What is the highest common divisor of 215 and 1?
1
Calculate the highest common factor of 79 and 5293.
79
Calculate the highest common factor of 5529 and 57.
57
What is the highest common factor of 9295 and 165?
55
What is the highest common divisor of 112 and 9352?
56
What is the greatest common factor of 2070 and 180?
90
What is the greatest common factor of 854 and 28?
14
Calculate the greatest common factor of 140 and 4910.
10
Calculate the greatest common divisor of 1339 and 39.
13
What is the greatest common divisor of 36 and 756?
36
What is the highest common divisor of 2054 and 632?
158
What is the highest common divisor of 15 and 615?
15
What is the highest common factor of 2163 and 8961?
309
What is the highest common divisor of 20 and 860?
20
What is the highest common factor of 1769 and 549?
61
Calculate the highest common factor of 594 and 486.
54
Calculate the greatest common divisor of 473 and 990.
11
Calculate the highest common factor of 732 and 90.
6
Calculate the greatest common factor of 575 and 5405.
115
What is the highest common divisor of 138 and 18906?
138
Calculate the greatest common divisor of 9633 and 57.
57
What is the greatest common factor of 15 and 345?
15
What is the greatest common factor of 4 and 428?
4
What is the highest common divisor of 54 and 126?
18
What is the highest common factor of 459 and 162?
27
Calculate the highest common factor of 420 and 10980.
60
What is the highest common factor of 38 and 133?
19
Calculate the greatest common factor of 21 and 2702.
7
Calculate the highest common divisor of 86 and 1376.
86
What is the greatest common factor of 488 and 12627?
61
Calculate the highest common divisor of 11 and 803.
11
Calculate the greatest common factor of 3484 and 52.
52
What is the highest common divisor of 12393 and 45?
9
Calculate the highest common divisor of 45 and 909.
9
What is the greatest common divisor of 45 and 72?
9
Calculate the highest common factor of 5856 and 6.
6
Calculate the greatest common divisor of 208 and 2834.
26
What is the highest common divisor of 1221 and 297?
33
What is the highest common divisor of 162 and 810?
162
Calculate the greatest common factor of 400 and 272.
16
Calculate the greatest common factor of 144 and 272.
16
What is the highest common divisor of 46 and 4094?
46
Calculate the highest common factor of 12 and 3.
3
What is the greatest common divisor of 261 and 58?
29
Calculate the highest common factor of 13875 and 105.
15
What is the highest common factor of 124 and 70556?
124
Calculate the greatest common factor of 84 and 756.
84
What is the highest common divisor of 1073 and 37?
37
Calculate the highest common factor of 26 and 2.
2
Calculate the highest common divisor of 460 and 520.
20
Calculate the highest common factor of 14 and 134582.
14
Calculate the greatest common factor of 190 and 1976.
38
Calculate the highest common factor of 550 and 22.
22
What is the greatest common factor of 332 and 1162?
166
What is the highest common divisor of 17 and 3383?
17
What is the greatest common divisor of 26 and 234?
26
What is the greatest common divisor of 1089 and 297?
99
Calculate the highest common factor of 1040 and 390.
130
What is the highest common factor of 752 and 705?
47
What is the greatest common factor of 10 and 2720?
10
Calculate the greatest common divisor of 10 and 65.
5
Calculate the highest common divisor of 3475 and 139.
139
Calculate the greatest common factor of 18 and 2298.
6
Calculate the greatest common factor of 2520 and 112.
56
What is the greatest common divisor of 6 and 944?
2
What is the highest common factor of 135 and 435?
15
What is the greatest common factor of 4719 and 2057?
121
What is the greatest common factor of 1725 and 175?
25
Calculate the greatest common factor of 169 and 52.
13
What is the greatest common divisor of 4182 and 164?
82
Calculate the highest common divisor of 522 and 18.
18
What is the highest common divisor of 52076 and 564